{"id":1043,"date":"2026-02-14T10:48:43","date_gmt":"2026-02-14T10:48:43","guid":{"rendered":"https:\/\/lespetitesfripouilles.com\/?page_id=1043"},"modified":"2026-02-14T10:48:43","modified_gmt":"2026-02-14T10:48:43","slug":"nos-partenaires-de-confiances","status":"publish","type":"page","link":"https:\/\/epicerie-catillon.com\/index.php\/nos-partenaires-de-confiances\/","title":{"rendered":"Nos partenaires de confiances"},"content":{"rendered":"<h2>Nos partenaires de confiance !<\/h2>\n<figure><a href=\"https:\/\/print-consult.ch\/\" tabindex=\"-1\"><img loading=\"lazy\" decoding=\"async\" width=\"741\" height=\"678\" src=\"http:\/\/epicerie-catillon.com\/wp-content\/uploads\/2026\/02\/Logo-rond_noir.png\" alt=\"logo rond noir\" \/><\/a><\/figure>\n<h3><a href=\"https:\/\/print-consult.ch\/\">Print-Consult S\u00e0rl<\/a><\/h3>\n<figure><a href=\"https:\/\/www.corbieres.ch\/\" tabindex=\"-1\"><img loading=\"lazy\" decoding=\"async\" width=\"136\" height=\"161\" src=\"http:\/\/epicerie-catillon.com\/wp-content\/uploads\/2026\/02\/corbieres_logo-1.png\" alt=\"corbieres logo\" \/><\/a><\/figure>\n<h3><a href=\"https:\/\/www.corbieres.ch\/\">Commune de Corbi\u00e8res<\/a><\/h3>\n<figure><a href=\"https:\/\/ecole-corbieres-hauteville.ch\/\" tabindex=\"-1\"><img loading=\"lazy\" decoding=\"async\" width=\"800\" height=\"707\" src=\"http:\/\/epicerie-catillon.com\/wp-content\/uploads\/2026\/02\/ecole-corbieres-hauteville.ch_-2.png\" alt=\"ecole corbieres hauteville.ch\" \/><\/a><\/figure>\n<h3><a href=\"https:\/\/ecole-corbieres-hauteville.ch\/\">Nous soutenons le cercle scolaire de Corbi\u00e8re-Hauteville<\/a><\/h3>\n<figure><a href=\"https:\/\/www.adfcourtage.ch\/\" tabindex=\"-1\"><img loading=\"lazy\" decoding=\"async\" width=\"348\" height=\"220\" src=\"http:\/\/epicerie-catillon.com\/wp-content\/uploads\/2026\/02\/adf-courtage-1.png\" alt=\"adf courtage\" \/><\/a><\/figure>\n<h3><a href=\"https:\/\/www.adfcourtage.ch\/\">ADF Courtage S\u00e0rl<\/a><\/h3>\n<figure><a href=\"https:\/\/www.maxicredit.ch\/\" tabindex=\"-1\"><img loading=\"lazy\" decoding=\"async\" width=\"200\" height=\"131\" src=\"http:\/\/epicerie-catillon.com\/wp-content\/uploads\/2026\/02\/maxi-credit.png\" alt=\"maxi credit\" \/><\/a><\/figure>\n<h3><a href=\"https:\/\/www.maxicredit.ch\/\">MaxiCredit<\/a><\/h3>\n","protected":false},"excerpt":{"rendered":"<p>Nos partenaires de confiance ! Print-Consult S\u00e0rl Commune de Corbi\u00e8res Nous soutenons le cercle scolaire de Corbi\u00e8re-Hauteville ADF Courtage S\u00e0rl MaxiCredit<\/p>\n","protected":false},"author":1,"featured_media":0,"parent":0,"menu_order":0,"comment_status":"closed","ping_status":"closed","template":"","meta":{"footnotes":""},"class_list":["post-1043","page","type-page","status-publish","hentry"],"_links":{"self":[{"href":"https:\/\/epicerie-catillon.com\/index.php\/wp-json\/wp\/v2\/pages\/1043","targetHints":{"allow":["GET"]}}],"collection":[{"href":"https:\/\/epicerie-catillon.com\/index.php\/wp-json\/wp\/v2\/pages"}],"about":[{"href":"https:\/\/epicerie-catillon.com\/index.php\/wp-json\/wp\/v2\/types\/page"}],"author":[{"embeddable":true,"href":"https:\/\/epicerie-catillon.com\/index.php\/wp-json\/wp\/v2\/users\/1"}],"replies":[{"embeddable":true,"href":"https:\/\/epicerie-catillon.com\/index.php\/wp-json\/wp\/v2\/comments?post=1043"}],"version-history":[{"count":0,"href":"https:\/\/epicerie-catillon.com\/index.php\/wp-json\/wp\/v2\/pages\/1043\/revisions"}],"wp:attachment":[{"href":"https:\/\/epicerie-catillon.com\/index.php\/wp-json\/wp\/v2\/media?parent=1043"}],"curies":[{"name":"wp","href":"https:\/\/api.w.org\/{rel}","templated":true}]}}